{"id":3359,"date":"2015-04-16T12:48:22","date_gmt":"2015-04-16T11:48:22","guid":{"rendered":"https:\/\/www.andalusien-urlaub.eu\/blog\/?page_id=3359"},"modified":"2019-05-24T09:06:21","modified_gmt":"2019-05-24T08:06:21","slug":"aktivtourismus-in-andalusien","status":"publish","type":"page","link":"https:\/\/www.andalusien-urlaub.eu\/blog\/aktivtourismus-in-andalusien\/","title":{"rendered":"Aktivtourismus in Andalusien"},"content":{"rendered":"<p><strong>Andalusien entdecken<\/strong> ist eine Firma f\u00fcr <strong>Aktivtourismus in Andalusien<\/strong>. Wir organisieren f\u00fcr Endkunden und Reiseagenturen gef\u00fchrte Touren wie Fotoexpeditionen, Wanderungen, St\u00e4dtetouren\u00a0und\u00a0Tapas-Touren.<\/p>\n<h2>Fotoausfl\u00fcge \/ Fotoexkursionen<\/h2>\n<p>Andalusien durch das Objektiv entdecken. Begeben Sie sich mit uns auf fotografische Entdeckungsreisen zu den sch\u00f6nsten Pl\u00e4tzen in Andalusien. Unser Angebot richtet sich sowohl an <strong>erfahrene Fotografen<\/strong>, die bestimmte Locations fotografieren m\u00f6chten als auch an <strong>Fotografie-Anf\u00e4nger<\/strong>, die eine praktische Einweisung in die Natur- und Landschaftsfotografie w\u00fcnschen und an Touristen, die einfach nur besonders sch\u00f6ne Urlaubsfotos mit nach Hause nehmen m\u00f6chten. Wir gestalten die <a href=\"https:\/\/fototouren.es\/fotoreisen.php\">Fotoreisen<\/a>\u00a0und <a href=\"https:\/\/fototouren.es\/fototouren.php\">Fotoausfl\u00fcge<\/a> ganz nach Ihren W\u00fcnschen und Anspr\u00fcchen.<\/p>\n<h2>Gef\u00fchrte Wanderungen u. Ausfl\u00fcge<\/h2>\n<p>Wir organisieren f\u00fcr Sie <a href=\"https:\/\/www.andalusien-urlaub.eu\/blog\/gefuehrte-touren-in-malaga\/\">gef\u00fchrte\u00a0Wanderungen<\/a>, z.B. im Hinterland der Costa del Sol, im Torcal von Antequera, dem Caminito del Rey oder in der Alpujarra von Granada.<\/p>\n<p>Weiterhin\u00a0organisieren wir <strong>Gourmet-Touren<\/strong> wie z.B. eine <strong>Oliven\u00f6lverkostung<\/strong> in Priego de C\u00f3rdoba mit dem Besuch 1000-j\u00e4hriger Olivenb\u00e4ume, eine <strong>Wein- und Schinkenverkostung<\/strong> in der Sierra von Aracena oder der Serran\u00eda de Ronda, &#8230;<\/p>\n<p>Schicken\u00a0Sie uns hier einfach eine Anfrage und wir antworten mit einem Vorschlag\/Angebot.<\/p>\n","protected":false},"excerpt":{"rendered":"<p>Andalusien entdecken ist eine Firma f\u00fcr Aktivtourismus in Andalusien. Wir organisieren f\u00fcr Endkunden und Reiseagenturen gef\u00fchrte Touren wie Fotoexpeditionen, Wanderungen, St\u00e4dtetouren\u00a0und\u00a0Tapas-Touren. Fotoausfl\u00fcge \/ Fotoexkursionen Andalusien durch das Objektiv entdecken. Begeben Sie sich mit uns auf fotografische Entdeckungsreisen zu den sch\u00f6nsten Pl\u00e4tzen in Andalusien. Unser Angebot richtet sich sowohl an erfahrene Fotografen, die bestimmte Locations fotografieren [&hellip;]<\/p>\n","protected":false},"author":1,"featured_media":3361,"parent":0,"menu_order":0,"comment_status":"open","ping_status":"closed","template":"","meta":{"jetpack_post_was_ever_published":false,"footnotes":""},"class_list":["post-3359","page","type-page","status-publish","has-post-thumbnail","hentry"],"yoast_head":"<!-- This site is optimized with the Yoast SEO plugin v27.0 - https:\/\/yoast.com\/product\/yoast-seo-wordpress\/ -->\n<title>Aktivtourismus in Andalusien<\/title>\n<meta name=\"description\" content=\"Aktivtourismus in Andalusien. Andalusien entdecken organisiert f\u00fcr Endkunden und Veranstalter individuelle Fotoausfl\u00fcge, Wanderungen und St\u00e4dtetouren.\" \/>\n<meta name=\"robots\" content=\"index, follow, max-snippet:-1, max-image-preview:large, max-video-preview:-1\" \/>\n<link rel=\"canonical\" href=\"https:\/\/www.andalusien-urlaub.eu\/blog\/aktivtourismus-in-andalusien\/\" \/>\n<meta property=\"og:locale\" content=\"de_DE\" \/>\n<meta property=\"og:type\" content=\"article\" \/>\n<meta property=\"og:title\" content=\"Aktivtourismus in Andalusien\" \/>\n<meta property=\"og:description\" content=\"Aktivtourismus in Andalusien. Andalusien entdecken organisiert f\u00fcr Endkunden und Veranstalter individuelle Fotoausfl\u00fcge, Wanderungen und St\u00e4dtetouren.\" \/>\n<meta property=\"og:url\" content=\"https:\/\/www.andalusien-urlaub.eu\/blog\/aktivtourismus-in-andalusien\/\" \/>\n<meta property=\"og:site_name\" content=\"Andalusien entdecken\" \/>\n<meta property=\"article:publisher\" content=\"https:\/\/www.facebook.com\/abnachandalusien\" \/>\n<meta property=\"article:modified_time\" content=\"2019-05-24T08:06:21+00:00\" \/>\n<meta property=\"og:image\" content=\"https:\/\/i0.wp.com\/www.andalusien-urlaub.eu\/blog\/wp-content\/uploads\/ngg_featured\/P3292234.jpg?fit=800%2C600&ssl=1\" \/>\n\t<meta property=\"og:image:width\" content=\"800\" \/>\n\t<meta property=\"og:image:height\" content=\"600\" \/>\n\t<meta property=\"og:image:type\" content=\"image\/jpeg\" \/>\n<meta name=\"twitter:card\" content=\"summary_large_image\" \/>\n<meta name=\"twitter:site\" content=\"@granadareisen\" \/>\n<meta name=\"twitter:label1\" content=\"Gesch\u00e4tzte Lesezeit\" \/>\n\t<meta name=\"twitter:data1\" content=\"1\u00a0Minute\" \/>\n<script type=\"application\/ld+json\" class=\"yoast-schema-graph\">{\"@context\":\"https:\/\/schema.org\",\"@graph\":[{\"@type\":\"WebPage\",\"@id\":\"https:\/\/www.andalusien-urlaub.eu\/blog\/aktivtourismus-in-andalusien\/\",\"url\":\"https:\/\/www.andalusien-urlaub.eu\/blog\/aktivtourismus-in-andalusien\/\",\"name\":\"Aktivtourismus in Andalusien\",\"isPartOf\":{\"@id\":\"https:\/\/www.andalusien-urlaub.eu\/blog\/#website\"},\"primaryImageOfPage\":{\"@id\":\"https:\/\/www.andalusien-urlaub.eu\/blog\/aktivtourismus-in-andalusien\/#primaryimage\"},\"image\":{\"@id\":\"https:\/\/www.andalusien-urlaub.eu\/blog\/aktivtourismus-in-andalusien\/#primaryimage\"},\"thumbnailUrl\":\"https:\/\/i0.wp.com\/www.andalusien-urlaub.eu\/blog\/wp-content\/uploads\/ngg_featured\/P3292234.jpg?fit=800%2C600&ssl=1\",\"datePublished\":\"2015-04-16T11:48:22+00:00\",\"dateModified\":\"2019-05-24T08:06:21+00:00\",\"description\":\"Aktivtourismus in Andalusien. Andalusien entdecken organisiert f\u00fcr Endkunden und Veranstalter individuelle Fotoausfl\u00fcge, Wanderungen und St\u00e4dtetouren.\",\"breadcrumb\":{\"@id\":\"https:\/\/www.andalusien-urlaub.eu\/blog\/aktivtourismus-in-andalusien\/#breadcrumb\"},\"inLanguage\":\"de\",\"potentialAction\":[{\"@type\":\"ReadAction\",\"target\":[\"https:\/\/www.andalusien-urlaub.eu\/blog\/aktivtourismus-in-andalusien\/\"]}]},{\"@type\":\"ImageObject\",\"inLanguage\":\"de\",\"@id\":\"https:\/\/www.andalusien-urlaub.eu\/blog\/aktivtourismus-in-andalusien\/#primaryimage\",\"url\":\"https:\/\/i0.wp.com\/www.andalusien-urlaub.eu\/blog\/wp-content\/uploads\/ngg_featured\/P3292234.jpg?fit=800%2C600&ssl=1\",\"contentUrl\":\"https:\/\/i0.wp.com\/www.andalusien-urlaub.eu\/blog\/wp-content\/uploads\/ngg_featured\/P3292234.jpg?fit=800%2C600&ssl=1\",\"width\":800,\"height\":600},{\"@type\":\"BreadcrumbList\",\"@id\":\"https:\/\/www.andalusien-urlaub.eu\/blog\/aktivtourismus-in-andalusien\/#breadcrumb\",\"itemListElement\":[{\"@type\":\"ListItem\",\"position\":1,\"name\":\"Home\",\"item\":\"https:\/\/www.andalusien-urlaub.eu\/blog\/homepage\/\"},{\"@type\":\"ListItem\",\"position\":2,\"name\":\"Aktivtourismus in Andalusien\"}]},{\"@type\":\"WebSite\",\"@id\":\"https:\/\/www.andalusien-urlaub.eu\/blog\/#website\",\"url\":\"https:\/\/www.andalusien-urlaub.eu\/blog\/\",\"name\":\"Andalusien entdecken\",\"description\":\"Auf Entdeckungsreise in Andalusien\",\"publisher\":{\"@id\":\"https:\/\/www.andalusien-urlaub.eu\/blog\/#organization\"},\"potentialAction\":[{\"@type\":\"SearchAction\",\"target\":{\"@type\":\"EntryPoint\",\"urlTemplate\":\"https:\/\/www.andalusien-urlaub.eu\/blog\/?s={search_term_string}\"},\"query-input\":{\"@type\":\"PropertyValueSpecification\",\"valueRequired\":true,\"valueName\":\"search_term_string\"}}],\"inLanguage\":\"de\"},{\"@type\":\"Organization\",\"@id\":\"https:\/\/www.andalusien-urlaub.eu\/blog\/#organization\",\"name\":\"Andalusien entdecken\",\"url\":\"https:\/\/www.andalusien-urlaub.eu\/blog\/\",\"logo\":{\"@type\":\"ImageObject\",\"inLanguage\":\"de\",\"@id\":\"https:\/\/www.andalusien-urlaub.eu\/blog\/#\/schema\/logo\/image\/\",\"url\":\"https:\/\/i2.wp.com\/www.andalusien-urlaub.eu\/blog\/wp-content\/uploads\/Logo_Final_PNG_kl.png?fit=300%2C127&ssl=1\",\"contentUrl\":\"https:\/\/i2.wp.com\/www.andalusien-urlaub.eu\/blog\/wp-content\/uploads\/Logo_Final_PNG_kl.png?fit=300%2C127&ssl=1\",\"width\":300,\"height\":127,\"caption\":\"Andalusien entdecken\"},\"image\":{\"@id\":\"https:\/\/www.andalusien-urlaub.eu\/blog\/#\/schema\/logo\/image\/\"},\"sameAs\":[\"https:\/\/www.facebook.com\/abnachandalusien\",\"https:\/\/x.com\/granadareisen\"]}]}<\/script>\n<!-- \/ Yoast SEO plugin. -->","yoast_head_json":{"title":"Aktivtourismus in Andalusien","description":"Aktivtourismus in Andalusien. Andalusien entdecken organisiert f\u00fcr Endkunden und Veranstalter individuelle Fotoausfl\u00fcge, Wanderungen und St\u00e4dtetouren.","robots":{"index":"index","follow":"follow","max-snippet":"max-snippet:-1","max-image-preview":"max-image-preview:large","max-video-preview":"max-video-preview:-1"},"canonical":"https:\/\/www.andalusien-urlaub.eu\/blog\/aktivtourismus-in-andalusien\/","og_locale":"de_DE","og_type":"article","og_title":"Aktivtourismus in Andalusien","og_description":"Aktivtourismus in Andalusien. Andalusien entdecken organisiert f\u00fcr Endkunden und Veranstalter individuelle Fotoausfl\u00fcge, Wanderungen und St\u00e4dtetouren.","og_url":"https:\/\/www.andalusien-urlaub.eu\/blog\/aktivtourismus-in-andalusien\/","og_site_name":"Andalusien entdecken","article_publisher":"https:\/\/www.facebook.com\/abnachandalusien","article_modified_time":"2019-05-24T08:06:21+00:00","og_image":[{"width":800,"height":600,"url":"https:\/\/i0.wp.com\/www.andalusien-urlaub.eu\/blog\/wp-content\/uploads\/ngg_featured\/P3292234.jpg?fit=800%2C600&ssl=1","type":"image\/jpeg"}],"twitter_card":"summary_large_image","twitter_site":"@granadareisen","twitter_misc":{"Gesch\u00e4tzte Lesezeit":"1\u00a0Minute"},"schema":{"@context":"https:\/\/schema.org","@graph":[{"@type":"WebPage","@id":"https:\/\/www.andalusien-urlaub.eu\/blog\/aktivtourismus-in-andalusien\/","url":"https:\/\/www.andalusien-urlaub.eu\/blog\/aktivtourismus-in-andalusien\/","name":"Aktivtourismus in Andalusien","isPartOf":{"@id":"https:\/\/www.andalusien-urlaub.eu\/blog\/#website"},"primaryImageOfPage":{"@id":"https:\/\/www.andalusien-urlaub.eu\/blog\/aktivtourismus-in-andalusien\/#primaryimage"},"image":{"@id":"https:\/\/www.andalusien-urlaub.eu\/blog\/aktivtourismus-in-andalusien\/#primaryimage"},"thumbnailUrl":"https:\/\/i0.wp.com\/www.andalusien-urlaub.eu\/blog\/wp-content\/uploads\/ngg_featured\/P3292234.jpg?fit=800%2C600&ssl=1","datePublished":"2015-04-16T11:48:22+00:00","dateModified":"2019-05-24T08:06:21+00:00","description":"Aktivtourismus in Andalusien. Andalusien entdecken organisiert f\u00fcr Endkunden und Veranstalter individuelle Fotoausfl\u00fcge, Wanderungen und St\u00e4dtetouren.","breadcrumb":{"@id":"https:\/\/www.andalusien-urlaub.eu\/blog\/aktivtourismus-in-andalusien\/#breadcrumb"},"inLanguage":"de","potentialAction":[{"@type":"ReadAction","target":["https:\/\/www.andalusien-urlaub.eu\/blog\/aktivtourismus-in-andalusien\/"]}]},{"@type":"ImageObject","inLanguage":"de","@id":"https:\/\/www.andalusien-urlaub.eu\/blog\/aktivtourismus-in-andalusien\/#primaryimage","url":"https:\/\/i0.wp.com\/www.andalusien-urlaub.eu\/blog\/wp-content\/uploads\/ngg_featured\/P3292234.jpg?fit=800%2C600&ssl=1","contentUrl":"https:\/\/i0.wp.com\/www.andalusien-urlaub.eu\/blog\/wp-content\/uploads\/ngg_featured\/P3292234.jpg?fit=800%2C600&ssl=1","width":800,"height":600},{"@type":"BreadcrumbList","@id":"https:\/\/www.andalusien-urlaub.eu\/blog\/aktivtourismus-in-andalusien\/#breadcrumb","itemListElement":[{"@type":"ListItem","position":1,"name":"Home","item":"https:\/\/www.andalusien-urlaub.eu\/blog\/homepage\/"},{"@type":"ListItem","position":2,"name":"Aktivtourismus in Andalusien"}]},{"@type":"WebSite","@id":"https:\/\/www.andalusien-urlaub.eu\/blog\/#website","url":"https:\/\/www.andalusien-urlaub.eu\/blog\/","name":"Andalusien entdecken","description":"Auf Entdeckungsreise in Andalusien","publisher":{"@id":"https:\/\/www.andalusien-urlaub.eu\/blog\/#organization"},"potentialAction":[{"@type":"SearchAction","target":{"@type":"EntryPoint","urlTemplate":"https:\/\/www.andalusien-urlaub.eu\/blog\/?s={search_term_string}"},"query-input":{"@type":"PropertyValueSpecification","valueRequired":true,"valueName":"search_term_string"}}],"inLanguage":"de"},{"@type":"Organization","@id":"https:\/\/www.andalusien-urlaub.eu\/blog\/#organization","name":"Andalusien entdecken","url":"https:\/\/www.andalusien-urlaub.eu\/blog\/","logo":{"@type":"ImageObject","inLanguage":"de","@id":"https:\/\/www.andalusien-urlaub.eu\/blog\/#\/schema\/logo\/image\/","url":"https:\/\/i2.wp.com\/www.andalusien-urlaub.eu\/blog\/wp-content\/uploads\/Logo_Final_PNG_kl.png?fit=300%2C127&ssl=1","contentUrl":"https:\/\/i2.wp.com\/www.andalusien-urlaub.eu\/blog\/wp-content\/uploads\/Logo_Final_PNG_kl.png?fit=300%2C127&ssl=1","width":300,"height":127,"caption":"Andalusien entdecken"},"image":{"@id":"https:\/\/www.andalusien-urlaub.eu\/blog\/#\/schema\/logo\/image\/"},"sameAs":["https:\/\/www.facebook.com\/abnachandalusien","https:\/\/x.com\/granadareisen"]}]}},"jetpack_shortlink":"https:\/\/wp.me\/P4SCDV-Sb","jetpack_sharing_enabled":true,"_links":{"self":[{"href":"https:\/\/www.andalusien-urlaub.eu\/blog\/wp-json\/wp\/v2\/pages\/3359","targetHints":{"allow":["GET"]}}],"collection":[{"href":"https:\/\/www.andalusien-urlaub.eu\/blog\/wp-json\/wp\/v2\/pages"}],"about":[{"href":"https:\/\/www.andalusien-urlaub.eu\/blog\/wp-json\/wp\/v2\/types\/page"}],"author":[{"embeddable":true,"href":"https:\/\/www.andalusien-urlaub.eu\/blog\/wp-json\/wp\/v2\/users\/1"}],"replies":[{"embeddable":true,"href":"https:\/\/www.andalusien-urlaub.eu\/blog\/wp-json\/wp\/v2\/comments?post=3359"}],"version-history":[{"count":0,"href":"https:\/\/www.andalusien-urlaub.eu\/blog\/wp-json\/wp\/v2\/pages\/3359\/revisions"}],"wp:featuredmedia":[{"embeddable":true,"href":"https:\/\/www.andalusien-urlaub.eu\/blog\/wp-json\/wp\/v2\/media\/3361"}],"wp:attachment":[{"href":"https:\/\/www.andalusien-urlaub.eu\/blog\/wp-json\/wp\/v2\/media?parent=3359"}],"curies":[{"name":"wp","href":"https:\/\/api.w.org\/{rel}","templated":true}]}}