{"id":5680,"date":"2020-04-27T11:42:55","date_gmt":"2020-04-27T10:42:55","guid":{"rendered":"https:\/\/www.andalusien-urlaub.eu\/blog\/?page_id=5680"},"modified":"2020-04-27T11:47:03","modified_gmt":"2020-04-27T10:47:03","slug":"allgemeine-geschaeftsbedingungen","status":"publish","type":"page","link":"https:\/\/www.andalusien-urlaub.eu\/blog\/allgemeine-geschaeftsbedingungen\/","title":{"rendered":"Allgemeine Gesch\u00e4ftsbedingungen f\u00fcr den Online-Shop"},"content":{"rendered":"<ol>\n<li><strong>Vertrag<\/strong><br \/>\nZwischen J\u00fcrgen Heitmann und dem Kunden kommt ein Vertrag \u00fcber die Herstellung von Fotoprodukten zustande. Es gelten die Angaben unserer\u00a0Datenschutzerkl\u00e4rung.<\/li>\n<li><strong>Preise, Zahlungsbedingungen<\/strong><br \/>\nDas vom Kunden an J\u00fcrgen Heitmann zu zahlende Entgelt f\u00fcr die Herstellung von Fotoprodukten bestimmt sich nach den bei Vertragsschluss geltenden Preisen in Online Shop. Die Preise schlie\u00dfen, soweit nichts anderes angegeben ist, die Mehrwertsteuer ein. Versandkosten werden zus\u00e4tzlich nach Produktgruppe und Bestimmungsort berechnet.<\/li>\n<li><strong>Lieferung und Erf\u00fcllungsort<\/strong><br \/>\nDie Fotos werden bei der deutschen Firma Saal-Digital gedruckt. Saal-Digital liefert die Fotoprodukte an die in der Bestellung genannte Lieferadresse. F\u00fcr die Lieferung werden Versandkosten erhoben. Die H\u00f6he der Versandkosten werden dem Kunden bei der Bestellung mitgeteilt. Sollten bei der Versendung Steuern oder Z\u00f6lle anfallen, werden diese vom Kunden getragen.<\/li>\n<li><strong>Zahlung<\/strong><br \/>\nDie Fotoprodukte bleiben bis zur vollst\u00e4ndigen Bezahlung Eigentum von J\u00fcrgen Heitmann. Die Zahlung erfolgt ausschlie\u00dflich bargeldlos, in der vom Kunden bei der Beauftragung angegebenen Zahlungsweise. Rechnungen werden ausschlie\u00dflich als PDF-Dokument per E-Mail versendet.<\/li>\n<li><strong>Gutscheine<\/strong><br \/>\nSoweit nicht in den Gutscheinbedingungen anders angegeben, gilt f\u00fcr alle Gutscheine immer das Folgende: Gutscheine sind nicht mit anderen Aktionen oder Gutscheinen kombinierbar. Die Gutscheine sind nicht auf die Versandkosten anwendbar und sind nur einmalig pro Haushalt einl\u00f6sbar. Gutscheine sind nicht f\u00fcr den Kauf von Geschenkgutscheinen nutzbar.<\/li>\n<li><strong>Geschenkgutscheine<\/strong><br \/>\nDieser Gutschein kann nicht auf mehrere Bestellungen aufgeteilt werden. Der Mindestbestellwert ist deshalb der Gutscheinwert. Die Versandkosten sind ausgenommen. Sie k\u00f6nnen den Gutschein in unserem Webshop einl\u00f6sen. Aus technischen Gr\u00fcnden kann immer nur ein Gutschein pro Bestellung eingel\u00f6st werden.<\/li>\n<li><strong> Widerruf- und R\u00fcckgaberecht<\/strong><br \/>\n<strong><strong><strong>Das Widerrufsrecht besteht nicht bei Fernabsatzvertr\u00e4gen zur Lieferung von Waren, die nach Kundenspezifikation angefertigt werden oder eindeutig auf die pers\u00f6nlichen Bed\u00fcrfnisse zugeschnitten sind.<\/strong><\/strong><\/strong><\/li>\n<li><strong>Haftung<\/strong><br \/>\nJ\u00fcrgen Heitmann haftet bei einer Verletzung wesentlicher Vertragspflichten, dem Fehlen zugesicherter Eigenschaften sowie den Anspr\u00fcchen des Kunden nach dem Produkthaftungsgesetz auf Schadensersatz. Dar\u00fcber hinaus haftet J\u00fcrgen Heitmann auf Schadensersatz nur bei Vorsatz oder grober Fahrl\u00e4ssigkeit von J\u00fcrgen Heitmann und seinen Erf\u00fcllungsgehilfen. J\u00fcrgen Heitmann haftet nicht f\u00fcr indirekte Sch\u00e4den, Folgesch\u00e4den oder atypische Sch\u00e4den gleich welcher Art. Dies gilt auch f\u00fcr den Ersatz von entgangenem Gewinn, entgangener Nutzungsm\u00f6glichkeit oder immaterieller Werte.<\/li>\n<li><strong>Beschwerden\/Streitschlichtung<\/strong><br \/>\nDie EU-Kommission stellt eine Plattform zur Online-Streitbeilegung bereit, die Sie unter folgendem Link finden:\u00a0<a style=\"font-weight: inherit; font-style: inherit;\" href=\"http:\/\/ec.europa.eu\/consumers\/odr\">http:\/\/ec.europa.eu\/consumers\/odr<\/a><br \/>\nWir ziehen es vor, Ihre Anliegen im direkten Austausch mit Ihnen zu kl\u00e4ren und nehmen daher nicht an Verbraucherschlichtungsverfahren teil. Zudem sind wir zur Teilnahme an einem Streitbeilegungsverfahren vor einer Verbraucherschlichtungsstelle nicht verpflichtet. Bitte kontaktieren Sie uns bei Fragen und Problemen direkt. Sie erreichen uns hierzu durch Anfrage \u00fcber die Formulare hier:\u00a0<a href=\"https:\/\/www.andalusien-urlaub.eu\/kontakt.php\">https:\/\/www.andalusien-urlaub.eu\/kontakt.php<\/a><\/li>\n<\/ol>\n<p>&nbsp;<\/p>\n","protected":false},"excerpt":{"rendered":"<p>Vertrag Zwischen J\u00fcrgen Heitmann und dem Kunden kommt ein Vertrag \u00fcber die Herstellung von Fotoprodukten zustande. Es gelten die Angaben unserer\u00a0Datenschutzerkl\u00e4rung. Preise, Zahlungsbedingungen Das vom Kunden an J\u00fcrgen Heitmann zu zahlende Entgelt f\u00fcr die Herstellung von Fotoprodukten bestimmt sich nach den bei Vertragsschluss geltenden Preisen in Online Shop. Die Preise schlie\u00dfen, soweit nichts anderes angegeben [&hellip;]<\/p>\n","protected":false},"author":1,"featured_media":0,"parent":0,"menu_order":0,"comment_status":"closed","ping_status":"closed","template":"","meta":{"jetpack_post_was_ever_published":false,"footnotes":""},"class_list":["post-5680","page","type-page","status-publish","hentry"],"yoast_head":"<!-- This site is optimized with the Yoast SEO plugin v27.0 - https:\/\/yoast.com\/product\/yoast-seo-wordpress\/ -->\n<title>Allgemeine Gesch\u00e4ftsbedingungen f\u00fcr den Online-Shop - Andalusien entdecken<\/title>\n<meta name=\"robots\" content=\"index, follow, max-snippet:-1, max-image-preview:large, max-video-preview:-1\" \/>\n<link rel=\"canonical\" href=\"https:\/\/www.andalusien-urlaub.eu\/blog\/allgemeine-geschaeftsbedingungen\/\" \/>\n<meta property=\"og:locale\" content=\"de_DE\" \/>\n<meta property=\"og:type\" content=\"article\" \/>\n<meta property=\"og:title\" content=\"Allgemeine Gesch\u00e4ftsbedingungen f\u00fcr den Online-Shop - Andalusien entdecken\" \/>\n<meta property=\"og:description\" content=\"Vertrag Zwischen J\u00fcrgen Heitmann und dem Kunden kommt ein Vertrag \u00fcber die Herstellung von Fotoprodukten zustande. Es gelten die Angaben unserer\u00a0Datenschutzerkl\u00e4rung. Preise, Zahlungsbedingungen Das vom Kunden an J\u00fcrgen Heitmann zu zahlende Entgelt f\u00fcr die Herstellung von Fotoprodukten bestimmt sich nach den bei Vertragsschluss geltenden Preisen in Online Shop. Die Preise schlie\u00dfen, soweit nichts anderes angegeben [&hellip;]\" \/>\n<meta property=\"og:url\" content=\"https:\/\/www.andalusien-urlaub.eu\/blog\/allgemeine-geschaeftsbedingungen\/\" \/>\n<meta property=\"og:site_name\" content=\"Andalusien entdecken\" \/>\n<meta property=\"article:publisher\" content=\"https:\/\/www.facebook.com\/abnachandalusien\" \/>\n<meta property=\"article:modified_time\" content=\"2020-04-27T10:47:03+00:00\" \/>\n<meta name=\"twitter:card\" content=\"summary_large_image\" \/>\n<meta name=\"twitter:site\" content=\"@granadareisen\" \/>\n<meta name=\"twitter:label1\" content=\"Gesch\u00e4tzte Lesezeit\" \/>\n\t<meta name=\"twitter:data1\" content=\"2\u00a0Minuten\" \/>\n<script type=\"application\/ld+json\" class=\"yoast-schema-graph\">{\"@context\":\"https:\/\/schema.org\",\"@graph\":[{\"@type\":\"WebPage\",\"@id\":\"https:\/\/www.andalusien-urlaub.eu\/blog\/allgemeine-geschaeftsbedingungen\/\",\"url\":\"https:\/\/www.andalusien-urlaub.eu\/blog\/allgemeine-geschaeftsbedingungen\/\",\"name\":\"Allgemeine Gesch\u00e4ftsbedingungen f\u00fcr den Online-Shop - Andalusien entdecken\",\"isPartOf\":{\"@id\":\"https:\/\/www.andalusien-urlaub.eu\/blog\/#website\"},\"datePublished\":\"2020-04-27T10:42:55+00:00\",\"dateModified\":\"2020-04-27T10:47:03+00:00\",\"breadcrumb\":{\"@id\":\"https:\/\/www.andalusien-urlaub.eu\/blog\/allgemeine-geschaeftsbedingungen\/#breadcrumb\"},\"inLanguage\":\"de\",\"potentialAction\":[{\"@type\":\"ReadAction\",\"target\":[\"https:\/\/www.andalusien-urlaub.eu\/blog\/allgemeine-geschaeftsbedingungen\/\"]}]},{\"@type\":\"BreadcrumbList\",\"@id\":\"https:\/\/www.andalusien-urlaub.eu\/blog\/allgemeine-geschaeftsbedingungen\/#breadcrumb\",\"itemListElement\":[{\"@type\":\"ListItem\",\"position\":1,\"name\":\"Home\",\"item\":\"https:\/\/www.andalusien-urlaub.eu\/blog\/homepage\/\"},{\"@type\":\"ListItem\",\"position\":2,\"name\":\"Allgemeine Gesch\u00e4ftsbedingungen f\u00fcr den Online-Shop\"}]},{\"@type\":\"WebSite\",\"@id\":\"https:\/\/www.andalusien-urlaub.eu\/blog\/#website\",\"url\":\"https:\/\/www.andalusien-urlaub.eu\/blog\/\",\"name\":\"Andalusien entdecken\",\"description\":\"Auf Entdeckungsreise in Andalusien\",\"publisher\":{\"@id\":\"https:\/\/www.andalusien-urlaub.eu\/blog\/#organization\"},\"potentialAction\":[{\"@type\":\"SearchAction\",\"target\":{\"@type\":\"EntryPoint\",\"urlTemplate\":\"https:\/\/www.andalusien-urlaub.eu\/blog\/?s={search_term_string}\"},\"query-input\":{\"@type\":\"PropertyValueSpecification\",\"valueRequired\":true,\"valueName\":\"search_term_string\"}}],\"inLanguage\":\"de\"},{\"@type\":\"Organization\",\"@id\":\"https:\/\/www.andalusien-urlaub.eu\/blog\/#organization\",\"name\":\"Andalusien entdecken\",\"url\":\"https:\/\/www.andalusien-urlaub.eu\/blog\/\",\"logo\":{\"@type\":\"ImageObject\",\"inLanguage\":\"de\",\"@id\":\"https:\/\/www.andalusien-urlaub.eu\/blog\/#\/schema\/logo\/image\/\",\"url\":\"https:\/\/i2.wp.com\/www.andalusien-urlaub.eu\/blog\/wp-content\/uploads\/Logo_Final_PNG_kl.png?fit=300%2C127&ssl=1\",\"contentUrl\":\"https:\/\/i2.wp.com\/www.andalusien-urlaub.eu\/blog\/wp-content\/uploads\/Logo_Final_PNG_kl.png?fit=300%2C127&ssl=1\",\"width\":300,\"height\":127,\"caption\":\"Andalusien entdecken\"},\"image\":{\"@id\":\"https:\/\/www.andalusien-urlaub.eu\/blog\/#\/schema\/logo\/image\/\"},\"sameAs\":[\"https:\/\/www.facebook.com\/abnachandalusien\",\"https:\/\/x.com\/granadareisen\"]}]}<\/script>\n<!-- \/ Yoast SEO plugin. -->","yoast_head_json":{"title":"Allgemeine Gesch\u00e4ftsbedingungen f\u00fcr den Online-Shop - Andalusien entdecken","robots":{"index":"index","follow":"follow","max-snippet":"max-snippet:-1","max-image-preview":"max-image-preview:large","max-video-preview":"max-video-preview:-1"},"canonical":"https:\/\/www.andalusien-urlaub.eu\/blog\/allgemeine-geschaeftsbedingungen\/","og_locale":"de_DE","og_type":"article","og_title":"Allgemeine Gesch\u00e4ftsbedingungen f\u00fcr den Online-Shop - Andalusien entdecken","og_description":"Vertrag Zwischen J\u00fcrgen Heitmann und dem Kunden kommt ein Vertrag \u00fcber die Herstellung von Fotoprodukten zustande. Es gelten die Angaben unserer\u00a0Datenschutzerkl\u00e4rung. Preise, Zahlungsbedingungen Das vom Kunden an J\u00fcrgen Heitmann zu zahlende Entgelt f\u00fcr die Herstellung von Fotoprodukten bestimmt sich nach den bei Vertragsschluss geltenden Preisen in Online Shop. Die Preise schlie\u00dfen, soweit nichts anderes angegeben [&hellip;]","og_url":"https:\/\/www.andalusien-urlaub.eu\/blog\/allgemeine-geschaeftsbedingungen\/","og_site_name":"Andalusien entdecken","article_publisher":"https:\/\/www.facebook.com\/abnachandalusien","article_modified_time":"2020-04-27T10:47:03+00:00","twitter_card":"summary_large_image","twitter_site":"@granadareisen","twitter_misc":{"Gesch\u00e4tzte Lesezeit":"2\u00a0Minuten"},"schema":{"@context":"https:\/\/schema.org","@graph":[{"@type":"WebPage","@id":"https:\/\/www.andalusien-urlaub.eu\/blog\/allgemeine-geschaeftsbedingungen\/","url":"https:\/\/www.andalusien-urlaub.eu\/blog\/allgemeine-geschaeftsbedingungen\/","name":"Allgemeine Gesch\u00e4ftsbedingungen f\u00fcr den Online-Shop - Andalusien entdecken","isPartOf":{"@id":"https:\/\/www.andalusien-urlaub.eu\/blog\/#website"},"datePublished":"2020-04-27T10:42:55+00:00","dateModified":"2020-04-27T10:47:03+00:00","breadcrumb":{"@id":"https:\/\/www.andalusien-urlaub.eu\/blog\/allgemeine-geschaeftsbedingungen\/#breadcrumb"},"inLanguage":"de","potentialAction":[{"@type":"ReadAction","target":["https:\/\/www.andalusien-urlaub.eu\/blog\/allgemeine-geschaeftsbedingungen\/"]}]},{"@type":"BreadcrumbList","@id":"https:\/\/www.andalusien-urlaub.eu\/blog\/allgemeine-geschaeftsbedingungen\/#breadcrumb","itemListElement":[{"@type":"ListItem","position":1,"name":"Home","item":"https:\/\/www.andalusien-urlaub.eu\/blog\/homepage\/"},{"@type":"ListItem","position":2,"name":"Allgemeine Gesch\u00e4ftsbedingungen f\u00fcr den Online-Shop"}]},{"@type":"WebSite","@id":"https:\/\/www.andalusien-urlaub.eu\/blog\/#website","url":"https:\/\/www.andalusien-urlaub.eu\/blog\/","name":"Andalusien entdecken","description":"Auf Entdeckungsreise in Andalusien","publisher":{"@id":"https:\/\/www.andalusien-urlaub.eu\/blog\/#organization"},"potentialAction":[{"@type":"SearchAction","target":{"@type":"EntryPoint","urlTemplate":"https:\/\/www.andalusien-urlaub.eu\/blog\/?s={search_term_string}"},"query-input":{"@type":"PropertyValueSpecification","valueRequired":true,"valueName":"search_term_string"}}],"inLanguage":"de"},{"@type":"Organization","@id":"https:\/\/www.andalusien-urlaub.eu\/blog\/#organization","name":"Andalusien entdecken","url":"https:\/\/www.andalusien-urlaub.eu\/blog\/","logo":{"@type":"ImageObject","inLanguage":"de","@id":"https:\/\/www.andalusien-urlaub.eu\/blog\/#\/schema\/logo\/image\/","url":"https:\/\/i2.wp.com\/www.andalusien-urlaub.eu\/blog\/wp-content\/uploads\/Logo_Final_PNG_kl.png?fit=300%2C127&ssl=1","contentUrl":"https:\/\/i2.wp.com\/www.andalusien-urlaub.eu\/blog\/wp-content\/uploads\/Logo_Final_PNG_kl.png?fit=300%2C127&ssl=1","width":300,"height":127,"caption":"Andalusien entdecken"},"image":{"@id":"https:\/\/www.andalusien-urlaub.eu\/blog\/#\/schema\/logo\/image\/"},"sameAs":["https:\/\/www.facebook.com\/abnachandalusien","https:\/\/x.com\/granadareisen"]}]}},"jetpack_shortlink":"https:\/\/wp.me\/P4SCDV-1tC","jetpack_sharing_enabled":true,"_links":{"self":[{"href":"https:\/\/www.andalusien-urlaub.eu\/blog\/wp-json\/wp\/v2\/pages\/5680","targetHints":{"allow":["GET"]}}],"collection":[{"href":"https:\/\/www.andalusien-urlaub.eu\/blog\/wp-json\/wp\/v2\/pages"}],"about":[{"href":"https:\/\/www.andalusien-urlaub.eu\/blog\/wp-json\/wp\/v2\/types\/page"}],"author":[{"embeddable":true,"href":"https:\/\/www.andalusien-urlaub.eu\/blog\/wp-json\/wp\/v2\/users\/1"}],"replies":[{"embeddable":true,"href":"https:\/\/www.andalusien-urlaub.eu\/blog\/wp-json\/wp\/v2\/comments?post=5680"}],"version-history":[{"count":6,"href":"https:\/\/www.andalusien-urlaub.eu\/blog\/wp-json\/wp\/v2\/pages\/5680\/revisions"}],"predecessor-version":[{"id":5686,"href":"https:\/\/www.andalusien-urlaub.eu\/blog\/wp-json\/wp\/v2\/pages\/5680\/revisions\/5686"}],"wp:attachment":[{"href":"https:\/\/www.andalusien-urlaub.eu\/blog\/wp-json\/wp\/v2\/media?parent=5680"}],"curies":[{"name":"wp","href":"https:\/\/api.w.org\/{rel}","templated":true}]}}